{"id":237,"date":"2025-06-05T10:02:37","date_gmt":"2025-06-05T08:02:37","guid":{"rendered":"https:\/\/shop.peopletools.it\/index.php\/prodotto\/certificazione-stress-management\/"},"modified":"2025-09-19T11:45:04","modified_gmt":"2025-09-19T09:45:04","slug":"certificazione-stress-management","status":"publish","type":"product","link":"https:\/\/shop.peopletools.it\/index.php\/prodotto\/certificazione-stress-management\/","title":{"rendered":"Certificazione STRESS MANAGEMENT"},"content":{"rendered":"","protected":false},"excerpt":{"rendered":"<p>Il corso di formazione all\u2019utilizzo dello strumento <b>Stress Management persolog<\/b>\u00ae ha l\u2019obiettivo di formare i partecipanti all\u2019utilizzo dello strumento e di supportarli nella realizzazione di progetti tesi ad ampliare la consapevolezza e lo sviluppo delle competenze:<\/p>\n<ul>\n<li>Resilienza<\/li>\n<li>Antifragilit\u00e0<\/li>\n<\/ul>\n<p>Il seminario sar\u00e0 erogato dal Master Trainer in Live Virtual Classroom (o in presenza, a seconda delle necessit\u00e0 dei partecipanti) ed avr\u00e0 una durata di una giornata.<\/p>\n<p>La formazione avviene attraverso un processo di <b>trasferimento di know-how <\/b>e una serie di <b>esercitazioni pratiche <\/b>che consentono allo specialista HR, al consulente, al formatore di applicare gli strumenti con professionalit\u00e0, competenza e all\u2019interno della corretta cornice valoriale.<\/p>\n<p>Ai partecipanti saranno consegnati il materiale didattico e gli strumenti, cartacei e digitali, da applicare nelle successive attivit\u00e0 formative, consulenziali e di sviluppo personale.<\/p>\n","protected":false},"featured_media":593,"template":"","meta":{"_acf_changed":false},"product_brand":[],"product_cat":[38,46],"product_tag":[],"class_list":{"0":"post-237","1":"product","2":"type-product","3":"status-publish","4":"has-post-thumbnail","6":"product_cat-certificazioni","7":"product_cat-stress","9":"first","10":"instock","11":"virtual","12":"taxable","13":"purchasable","14":"product-type-simple"},"acf":[],"_links":{"self":[{"href":"https:\/\/shop.peopletools.it\/index.php\/wp-json\/wp\/v2\/product\/237","targetHints":{"allow":["GET"]}}],"collection":[{"href":"https:\/\/shop.peopletools.it\/index.php\/wp-json\/wp\/v2\/product"}],"about":[{"href":"https:\/\/shop.peopletools.it\/index.php\/wp-json\/wp\/v2\/types\/product"}],"wp:featuredmedia":[{"embeddable":true,"href":"https:\/\/shop.peopletools.it\/index.php\/wp-json\/wp\/v2\/media\/593"}],"wp:attachment":[{"href":"https:\/\/shop.peopletools.it\/index.php\/wp-json\/wp\/v2\/media?parent=237"}],"wp:term":[{"taxonomy":"product_brand","embeddable":true,"href":"https:\/\/shop.peopletools.it\/index.php\/wp-json\/wp\/v2\/product_brand?post=237"},{"taxonomy":"product_cat","embeddable":true,"href":"https:\/\/shop.peopletools.it\/index.php\/wp-json\/wp\/v2\/product_cat?post=237"},{"taxonomy":"product_tag","embeddable":true,"href":"https:\/\/shop.peopletools.it\/index.php\/wp-json\/wp\/v2\/product_tag?post=237"}],"curies":[{"name":"wp","href":"https:\/\/api.w.org\/{rel}","templated":true}]}}